ors of -3*(y - (-43)/(-3))?
43
Let h = 12 - 6. Let y = 1 - h. Let f = y - -7. What are the prime factors of f?
2
Let j be (-4)/3*69/(-2). Suppose f - 33 = -4*w - 2*f, -3*w = -2*f - j. Let i = w - 4. What are the prime factors of i?
2
Suppose 3*l - 5*l - 22 = 2*j, -2*l + 3*j - 12 = 0. Let x = -4 - l. Suppose 0*y - x*k + 17 = -2*y, -4*y + k + 11 = 0. List the prime factors of y.
2
Let u(m) be the first derivative of 41*m**3/3 + m**2 - m - 5. List the prime factors of u(1).
2, 3, 7
Let h(b) = -b**3 - 6*b**2 + 7*b + 6. Let r be h(-7). Let k = 6 - r. Suppose 9 = d - k*d. List the prime factors of d.
3
Let n(d) = 3*d - 11. Suppose -28 = -3*h - 1. Let o be n(h). Suppose 5*b + 3*y - 32 = 0, -3*y + o = 4*b - 3*b. List the prime factors of b.
2
Let x be -3*((-16)/(-12))/(-2). Suppose -g - 48 = 2*o - 162, 284 = 5*o + x*g. What are the prime factors of o?
2, 7
Suppose -244 = 36*d - 40*d. What are the prime factors of d?
61
Let o = 8 + -14. Let w be 2/4 + (-15)/o. Suppose -6*b - w*u = -3*b - 18, 2*u = 4*b - 18. What are the prime factors of b?
5
Let y be (-1)/((-1)/3) + 1. Suppose 28 = -0*i + y*i. List the prime factors of i.
7
Suppose -2*a = 5*s - a - 14, -s + 3*a = -6. Let d(f) = 5*f**2 + 3*f + 3*f - 4 + 2*f - 6*f - f**s. List the prime factors of d(5).
2, 3
Let b(p) = 23*p**3 + 2*p**2 - 2*p + 1. List the prime factors of b(1).
2, 3
Suppose 8*r + 212 = 1316. What are the prime factors of r?
2, 3, 23
Let h(o) = -27*o + 1. Let s be h(-1). Suppose -3 + s = 5*u. Suppose 30 + 30 = u*z. What are the prime factors of z?
2, 3
Let k = 3 - 0. Suppose 48 = k*h + h. What are the prime factors of h?
2, 3
What are the prime factors of ((-3122)/21)/((-2)/3)?
223
Suppose -5*h = -2*s + s - 917, -3*h = 3*s - 561. What are the prime factors of h?
2, 23
Let i(r) be the first derivative of -r**4/4 - 2*r**3 - 3*r**2/2 - 6*r - 2. Let t be i(-7). Suppose 2*c + 2*c = t. What are the prime factors of c?
2
Let m(a) = -2*a**3 - 3*a**2 + 4*a + 6. List the prime factors of m(-3).
3, 7
Let w(x) = x**2 - 9*x - 18. List the prime factors of w(13).
2, 17
List the prime factors of (-9)/2*(-2)/3.
3
List the prime factors of -24*(-3 + (-21)/(-9)).
2
Suppose 17 = 2*f + 5. Suppose 30 = 4*c - 2*l, 0 = 4*c - l - f - 25. What are the prime factors of c?
2
Suppose -u - u = -6. Suppose -u*f = -10 - 41. What are the prime factors of f?
17
Suppose 0*o + o - 3 = 0. Let d(z) be the third derivative of -z**5/60 + z**4/6 + z**3/6 + 6*z**2. List the prime factors of d(o).
2
What are the prime factors of (145/(-15))/(2/(-6))?
29
Let c be (1 - -1)/((-4)/(-10)). Suppose -d - 50 = -2*p, 2*p + 75 = 5*p - 4*d. What are the prime factors of (-3)/c - (-515)/p?
2, 5
Let a(i) = 32*i**3 - 31*i**3 - i**2 + 0*i**2 + 13. What are the prime factors of a(0)?
13
Let c be (-32)/8 + (1 - -2). Let j(v) = -3*v**3 - v**3 - 6*v**3 - 12*v**3. What are the prime factors of j(c)?
2, 11
Suppose 0 = x + 4*x - 10. Let a(s) = 0*s - s + 7 + 2 - s**x. List the prime factors of a(0).
3
Let c be -3*(-1)/(-1)*-7. Let v be 2/((-36)/c + 2). Let u(l) = l - 5. List the prime factors of u(v).
2
Let n = 7 + -6. Suppose -4 - n = -k. List the prime factors of k.
5
Suppose -b = -c - 0*c, 0 = 4*b + 5*c - 9. Suppose -3*y - b = -8*y - 3*o, 0 = -2*y - o + 1. What are the prime factors of (-11 + y)*-1 - 2?
7
Suppose -9 = h - 43. List the prime factors of h.
2, 17
Let j = -20 - -49. What are the prime factors of j?
29
Suppose -3*b - 5*m + 21 = -b, b - 13 = -3*m. Let l(f) = 6*f**2 - f. What are the prime factors of l(b)?
2, 13
Let z be (8/12)/((-1)/(-15)). List the prime factors of (-4)/(-6)*75/z.
5
Suppose -19 = -8*i + 13. List the prime factors of i.
2
Let z = 35 - -41. What are the prime factors of z?
2, 19
Suppose k = 4*a - 7, -2*k - k + 3*a + 6 = 0. Suppose 8*u - 51 = k*u. List the prime factors of u.
17
Let l be 4 + (2 - 1 - 2). Suppose 2*q + 2*h - 22 = -6, -4*q + l*h = 3. List the prime factors of (q/6)/((-2)/(-36)).
3
Suppose -2*g + 2*f - 2 = 0, g + 3*f = -f + 19. Suppose -1 = -3*h - 10, g*b - 2*h = 174. Suppose 0*o = 4*o - b. What are the prime factors of o?
2, 7
Let m(x) = -x**3 - 3*x**2 - x. Suppose -6 = 2*t - 2. Let q be m(t). Let y = 0 - q. What are the prime factors of y?
2
Let g = 22 + -15. Let t(r) = r**2 - 6*r + 8. What are the prime factors of t(g)?
3, 5
Let g(b) = -b**2 - b - 6. Let t be g(0). List the prime factors of 1 - -12 - t/(-3).
11
Suppose 21 = -0*p - 7*p. Let z(t) = t**3 + t**2 + 2*t - 7. Let s(y) = y**2 + 1. Let h(a) = 4*s(a) + z(a). What are the prime factors of h(p)?
3
Let y = 9 + -6. Suppose u - 3*u = 4*t - 50, 2*t - y*u - 29 = 0. List the prime factors of t.
13
List the prime factors of ((-7)/2)/((-1)/72) - -4.
2
List the prime factors of 3 + (0 - 90)/(-2).
2, 3
Let z = 37 + -6. What are the prime factors of z?
31
Let g be 9 - (0 + -1)*-1. Let t(q) = q**2 + 1. Let o(u) = -8*u - 7. Let b(s) = -o(s) - t(s). List the prime factors of b(g).
2, 3
Suppose 8*q - y - 13 = 4*q, -2*q - 2*y + 14 = 0. What are the prime factors of q?
2
Suppose 3*a - 194 = -23. What are the prime factors of a?
3, 19
Let u(y) = -y**3 - 2*y**2 - y. Let p be u(-3). Suppose 0 = -5*x - 4*g - 5, -17 = x + g + 3*g. Suppose -x*i + p = i. What are the prime factors of i?
3
Suppose -3*r - 37 = -a, -2*r - 93 = -3*a + 53. List the prime factors of a.
2, 13
Let o(x) = -x - 3. Suppose -5*k - 49 = -2*p, k + 2*k = p - 29. List the prime factors of o(k).
2, 3
Let s(v) be the second derivative of v**5/20 - v**4/12 + 25*v**2 + 2*v. What are the prime factors of s(0)?
2, 5
Suppose 4*n + 21 = -k + 2, 3*n + 12 = 0. Suppose 2*h + h = 4*j - 11, 0 = 2*j - h - 7. Let p = j + k. What are the prime factors of p?
2
Suppose n - 35 + 2 = -2*z, 0 = n + 4*z - 41. Suppose -5*r + 92 = -3*g + 24, g = -2*r + n. What are the prime factors of r?
13
Let p be ((-1)/2)/((-3)/(-18)). List the prime factors of p*(-12)/(-9)*-4.
2
Suppose 3*w - 15 = -2*w. Suppose 2*q - q + 5*i = -23, w*q - 4*i = 26. List the prime factors of q.
2
Let u(i) = -i**3 - 14*i**2 - 16*i - 14. Let t be -9 + (-16)/(1 + 3). List the prime factors of u(t).
5
Suppose 0 = -3*r - 3*r + 72. Suppose -5*j + 67 = 2*u, 3*j + u + r = 52. What are the prime factors of j?
13
Suppose 2*r = -y - y - 14, 0 = -4*y - r - 16. What are the prime factors of (-4)/(-6) - 10/y?
2
Suppose 4*i + u = 6, -i - 2*u - 3*u - 8 = 0. Let j be (i - 0)/4*6. Suppose x - 4 = j. List the prime factors of x.
7
Let g(f) be the second derivative of f**4/12 - f**3/6 - f**2/2 - 2*f. Let m be g(0). What are the prime factors of ((-44)/(-8))/(m/(-2))?
11
Let a = 3 + -3. Suppose -p = -a - 4. Let d = -1 + p. What are the prime factors of d?
3
Let n(z) = 38*z**2 + 3*z + 7. List the prime factors of n(-3).
2, 5, 17
Let i = 12 + -6. Suppose a - i = -0*a. List the prime factors of a.
2, 3
What are the prime factors of -3*(-6)/((-72)/(-100))?
5
Let x = -144 - -249. List the prime factors of x.
3, 5, 7
Suppose -4*r = 2*w - 0*r - 4, 4*w - 4*r - 56 = 0. List the prime factors of 17*2 + w/5.
2, 3
Let l(t) = 4*t**3 + 5*t**2 + 5*t + 3. Let n be l(-3). List the prime factors of n*1*6/(-15).
2, 3, 5
Suppose -2 = 2*m - 12. Suppose -f - 19 = 2*k - 6*k, -3*k + m*f = 7. What are the prime factors of (0 + -9)/(k/(-4))?
2, 3
Let j be ((-8)/(-5) - 1)*-5. Let w = j - -10. What are the prime factors of w?
7
Suppose -5*j + 93 = -107. List the prime factors of j.
2, 5
Let v(x) = x**3 + 5*x**2 - 3*x - 6. Let h be (-22)/(-6) - (-3)/9. Suppose 11 = -3*c - h. What are the prime factors of v(c)?
3
Suppose -5 = 3*b - 5*t, 2*t = -3*b + 6*b - 7. List the prime factors of b.
5
Suppose 8 = 4*g - 2*t, -4*t = g - 0*g + 16. Suppose -4*m - 2*b + 56 = 0, -2*b = m - 14 - g. List the prime factors of m.
2, 7
Suppose -4*x + 86 - 2 = 0. Let l = -6 + x. What are the prime factors of l?
3, 5
Suppose 4*q = 2*k - 3*k + 200, -122 = -2*q + 5*k. What are the prime factors of q?
3, 17
Suppose 0 = -2*g - 43 + 295. List the prime factors of g.
2, 3, 7
List the prime factors of 3 - 2 - 10/(-5)*133.
3, 89
Let q be (2 + 1 + -2)*7. Suppose -4*z = -q*z. Suppose -5 = -s - z. List the prime factors of s.
5
Let r = 3 + 0. Suppose 4*o + 2 + 8 = -k, -2*k - 2*o = 2. Suppose 55 = r*m - 4*g + 18, g - 10 = -k*m. What are the prime factors of m?
7
Let o be 3 - 0 - (1 + 0). Let m be 2/(-8) - 74/(-8). What are the prime factors of (